2)/6. Let y = 53 - c. Suppose -y*u + 244 = -0*u. Calculate the remainder when u is divided by 31.
29
Let p(w) = 82*w + 1151. Calculate the remainder when p(-9) is divided by 49.
21
Let y(b) = -17*b**2 + 11 + 7*b**3 - 19*b**3 + 13*b**3 - 19*b. Let a be y(18). Let s(m) = -3*m - 5. Calculate the remainder when 57 is divided by s(a).
9
Let j(w) = -w**2 - 13*w - 22. Let m = 44 + -40. Let s be ((-4)/(-8) + -5)/(2/m). Calculate the remainder when 22 is divided by j(s).
8
Let y = -3190 + 5199. Suppose -9*a - y = -16*a. Calculate the remainder when a is divided by 24.
23
Let j be (-65)/((3 - 1) + -1) + 3. Let h = j - -151. Let l = h + -44. Calculate the remainder when l is divided by 24.
21
Suppose 4*i - x - 37277 = 0, 169*i + 37274 = 173*i + 2*x. What is the remainder when i is divided by 118?
115
Let v = 6636 - 6445. Calculate the remainder when 13748 is divided by v.
187
Suppose 5*t - 61 = 2*d, 0 = -5*t - 4*d - 0*d + 73. Suppose 0 = -t*l + 15*l - 32. What is the remainder when 49 is divided by l?
1
Suppose 4344 + 248 = 8*f. Let l = 2445 + -2413. Calculate the remainder when f is divided by l.
30
Suppose -87 = -4*u - 95. Let h(p) = -17*p**3 - p**2 + 5*p + 6. Calculate the remainder when h(u) is divided by 26.
24
Let k(f) = -3*f**3 + 16*f**2 - 9*f + 105. What is the remainder when 443 is divided by k(5)?
18
Suppose 0*p + 2*p + 106 = 0. Let i = 49 + p. What is the remainder when 14 is divided by i + 7 + 0 - -1?
2
Calculate the remainder when 32 is divided by ((-44)/(-198))/(1/9).
0
Suppose 2*r + i = -1, 5*i - 12 - 5 = r. Let o be (8 + 2)/(-5)*r. Suppose -o*s - 4*c + 88 = 0, s - 22 = -4*c + c. What is the remainder when 87 is divided by s?
21
Suppose 192 = 3*o - 474. Let q = -1080 - -1092. Calculate the remainder when o is divided by q.
6
Let t = -11118 + 11141. What is the remainder when 38 is divided by t?
15
What is the remainder when 9 - 723/81 - 14713/(-27) is divided by 189?
167
Suppose 13*u = -0*u + 14*u - 43. What is the remainder when 490 is divided by u?
17
Let y(h) = -14*h**3 + 2*h**2 - 20*h - 24. What is the remainder when 299 is divided by y(-1)?
11
Suppose l - 264 = -7*l. Suppose -5*b = 2*v - 28, 9*v = 4*v + 3*b + 70. Let n(z) = -z**3 + 14*z**2 + 9*z + 3. Calculate the remainder when n(v) is divided by l.
30
Suppose -3*g + 2*x + 1318 = -649, g + 8*x = 595. What is the remainder when g is divided by 96?
75
Suppose 1890 = 30*j - 25*j. Let y = -291 + j. What is the remainder when y is divided by 45?
42
Suppose 15*l = 3138 - 783. What is the remainder when 329 is divided by l?
15
Suppose 848 = -r + 5*r. Let s = 304 - r. Calculate the remainder when s is divided by 24.
20
Suppose -496 + 4144 = 12*m. Calculate the remainder when m is divided by 31.
25
Let p = -1511 - -1582. Let b = -12 + 30. Calculate the remainder when p is divided by b.
17
Let b(v) = 3*v**2 + 47*v + 755. What is the remainder when b(-21) is divided by 15?
11
Let p(o) = -12*o - 2. Suppose -7*t + 440 = -239. Suppose 0 = 6*j - t - 11. Calculate the remainder when p(-3) is divided by j.
16
Suppose 246*j - 61240 = -4750 - 5322. Calculate the remainder when 855 is divided by j.
23
Let r(o) = o**2 + 12*o + 5. Let s be r(0). What is the remainder when 58 is divided by (-11)/(3/(-45)*s)?
25
Suppose 0*r = 2*r - 2*l - 12, 16 = -4*l. Suppose r*k = 15*k - 364. What is the remainder when k is divided by (-1)/(-2) + (-74)/(-4)?
9
Let k(b) = 826*b**2 - 24*b + 3. Calculate the remainder when k(1) is divided by 101.
98
Let l(r) be the third derivative of -r**6/120 - 2*r**5/15 + 3*r**4/4 - 7*r**3/6 - 45*r**2. Let q = 7 + 16. Calculate the remainder when q is divided by l(-10).
10
Let u(y) = -185*y + 88. Let m be u(2). Let q = m - -400. What is the remainder when q is divided by 8?
6
Calculate the remainder when (-9)/(72/(-13442)) - 5/4 is divided by 13.
2
Let s = 1564 + -706. Calculate the remainder when 1721 is divided by s.
5
Let k(u) = 11*u + 254. Let w be k(-22). Suppose 4*h + w = 0, -8*h = -2*x - 10*h + 220. What is the remainder when x is divided by 33?
14
Let m(g) = -2*g**3 + 34*g**2 - 3*g + 36. Let x be m(17). What is the remainder when 45 is divided by x/6*120/(-25)?
9
Let p(a) = -a + 20. Let s be p(15). Suppose -2*n + 152 = 4*b - 162, -2*n = -s*b - 359. Calculate the remainder when n is divided by 43.
38
Suppose 125 - 685 = -5*s. Suppose -6*x - s = -10*x. What is the remainder when 49 is divided by x?
21
Let o(j) = j**2 + 17*j - 1. Let g be o(-17). Let f be 3518/16 - ((-28)/(-32) + g). Suppose -f - 11 = -7*r. Calculate the remainder when r is divided by 9.
6
Let u(m) = -m - 2. Let x be u(-6). Calculate the remainder when 32 + 0 + -2 + x is divided by 271/21 - (-196)/2058.
8
Suppose 76 = 3*a + 3*m - 38, m = 2*a - 73. Let f = -93 + 108. Calculate the remainder when a is divided by f.
7
Let p(s) = s**2 + 5*s - 10. Suppose -2*r + 5 = f - 40, -4*r = 3*f - 85. What is the remainder when p(7) is divided by r?
24
Let u(p) = -p + 2. Let m be u(-1). Suppose -k - m*r - 35 = 0, -70 = -0*k + k - 4*r. Let h = 102 + k. Calculate the remainder when h is divided by 14.
10
Calculate the remainder when (218 - (28/(-7))/4) + 0/1 is divided by 195.
24
Let r(i) = i**3 - 8*i**2 + 11*i + 9. Let k be r(6). Suppose u = -3*q + 25, 0 = k*u - 5*q + 9 - 56. Calculate the remainder when 224 is divided by u.
15
Suppose 2853*m - 2801*m - 520 = 0. Let o(c) = -c + 5. Let p be o(5). Let i(t) = t**2 + 37. Calculate the remainder when i(p) is divided by m.
7
Let s = -30 + 15. Suppose 3*p = p + 4*y - 22, 0 = -3*p + y - 8. What is the remainder when (p + (-6)/s)/(3/(-45)) is divided by 7?
2
Suppose -4*j + j + 49050 = 0. Let g be (-1)/(65405/j + -4). Calculate the remainder when ((-1)/3)/(10/g) is divided by 11.
10
Let w = 113 - 81. Suppose 0*m + 32 = m + 3*p, 2*p = -m + w. Let s(a) = -2194*a - 206224. What is the remainder when m is divided by s(-94)?
8
Suppose 0 = 24084*v - 24059*v - 3425. What is the remainder when v is divided by 38?
23
Suppose -108*t + 104*t - 84 = -4*w, w - 2*t = 21. What is the remainder when 407 is divided by w?
8
Let t be 9/12 + 105/20 + 0. Suppose -k = 3*z - 62, 3*z - t*k - 86 = -k. Let u(w) = -12*w + 4. Calculate the remainder when u(-3) is divided by z.
18
Suppose 0*b = -47*b + 10340. What is the remainder when 616 is divided by b?
176
Let j(p) = 3*p**2 - 3*p - 18. Let k(q) = 2*q**2 - q - 9. Let g(z) = -3*j(z) + 5*k(z). Suppose -3*d + 6 = 18. Calculate the remainder when 61 is divided by g(d).
7
Suppose 21*q - 924 = -189. Calculate the remainder when (-1 - q)/(9*3/(-18)) is divided by 5.
4
Let n be (9/4)/((-220)/(-32) - 7). Calculate the remainder when (-319)/99 - -3 - 958/n is divided by 26.
1
Let p(u) = -u**3 + 5*u**2 - 3. Suppose 23*x + 7*x + 42*x - 2088 = 0. Calculate the remainder when x is divided by p(3).
14
Let n(j) = -10*j. Let k be n(-1). Suppose -279 = -k*z + 81. Suppose -z = 5*w - 9*w. Calculate the remainder when w is divided by 4.
1
Calculate the remainder when 3 - 920/345*(-1986)/8 is divided by 159.
29
Let o = 55 - 10. Let u = o - 30. Calculate the remainder when (9/18)/((-3)/(-150)) is divided by u.
10
Let n = -2876 - -2893. Calculate the remainder when 266 is divided by n.
11
Let g be 5 + 0 - 0/(-9). Suppose -2*t - 4*j + 220 = 0, g*t + 5*j - 460 = 80. Calculate the remainder when t is divided by 27.
25
Let d be 56/21*6/32*4. Suppose 3*w - d - 7 = 0, 0 = 2*f - w - 119. What is the remainder when f is divided by 28?
5
Suppose 3*h = 19 + 11. Suppose -13*g = -8*g - h. Suppose 3*a - 6 = z, -z - 2*a + 7 = -g. What is the remainder when 18 is divided by z?
0
Let u(x) = -2*x**2 - 3*x. Suppose -4*n - 2*n = 0. Let j be u(n). Suppose -4*c + 50 - 2 = j. Calculate the remainder when c is divided by 2.
0
Let o(w) = 110*w**2 - 7*w + 7. Calculate the remainder when 127 is divided by o(1).
17
Let h(z) be the second derivative of z**4/2 - 7*z**3/6 + 24*z - 2. Calculate the remainder when h(4) is divided by 37.
31
Suppose -276 = -2*b + 2*w, 48*w = -3*b + 44*w + 400. Suppose -3 = -3*k + 2*y + b, 2*k - 3*y = 96. What is the remainder when 54 is divided by k?
9
Let s(y) = -160*y - 2305. Calculate the remainder when s(-18) is divided by 117.
107
Let s(y) = -y**3 - y**2 - y + 22. Let c(t) = -2*t - 4. Let o be c(-2). Let u be s(o). Calculate the remainder when 71 is divided by u - (4 - (-6)/(-1)).
2